23. What is the greatest common divisor of 8 and m?
8
Let h(d) = -d + 3. Let p be h(0). Suppose -p*x + 160 = x. Let v be x + (3 - (-1)/(-1)). Calculate the greatest common factor of v and 14.
14
Let v be (-16 - -4)*(-4)/6. Let r be v*(-1 + (-3 - -6)). Calculate the greatest common factor of r and 40.
8
Suppose 250 = 5*p - 0*p. Calculate the greatest common factor of p and 10.
10
Let w be (-861)/(-4) + (-3)/(-4). Suppose 0 = h - x - 67 - 43, -2*x + 416 = 4*h. Let n = w - h. Calculate the greatest common divisor of 10 and n.
10
Let a = 209 + -118. Suppose 3*n + h = 4*h + 54, 0 = 4*n - 3*h - 67. What is the greatest common divisor of a and n?
13
Let f(r) = 3*r**2 + 9*r + 9. Let z(k) = 5*k**2 + 18*k + 19. Let n(p) = -7*f(p) + 4*z(p). Let l be n(10). What is the highest common factor of l and 33?
3
Let o(p) = p + 14. Let d be -8 - 0 - (-2 - 0). Let w be o(d). Suppose 0 = -2*k + 24 - w. What is the greatest common divisor of k and 12?
4
Let t be (-6)/((-10)/4 - -2). Let z be ((-4)/(-8))/((-1)/(-24)). Calculate the highest common divisor of t and z.
12
Suppose 0*c - 12 = 4*c. Let x be -6*(c + (-5)/(-2)). Calculate the highest common factor of 2 and x.
1
Suppose -4*u + 660 = u. Calculate the highest common divisor of 12 and u.
12
Suppose -4*f + 5*f = 4*w + 17, 82 = 4*f - 2*w. Calculate the greatest common divisor of f and 63.
21
Let f(z) be the second derivative of z**4/12 - z**3/6 + 2*z**2 + 3*z. Let y be f(6). What is the highest common factor of 51 and y?
17
Let c(t) = -5*t - 7. Let r be c(-5). Let p be (-4)/18 - (-274)/r. Suppose -2*m = 3*w - 233, 3*w - 22 = m + 199. What is the highest common divisor of w and p?
15
Let d be 61 + (-4 - -1) - -2. What is the greatest common divisor of d and 15?
15
Let s be (96/(-112))/((-2)/42). Calculate the greatest common factor of s and 18.
18
Let c(n) = -2*n**2 - 45*n + 34. Let g be c(-23). Suppose -3*a = -a - 22. What is the highest common divisor of a and g?
11
Suppose g - 19 - 2 = 0. Let i = g - 12. Calculate the highest common divisor of i and 63.
9
Let u(v) = -2*v**3 - 3*v**2 + 1. Let g be u(-2). Suppose -f + 15 = -g. What is the highest common divisor of 30 and f?
10
Let w be 1 + (1 + -3 - -2). Let j be (4/(1 - -3))/1. What is the greatest common factor of j and w?
1
Let f(d) = -d**2 - 8*d + 7. Let z be f(-8). Let g = 138 + -82. What is the greatest common factor of g and z?
7
Suppose -5*w = -5*f - 2*w + 760, -2*w = 3*f - 456. What is the greatest common divisor of 19 and f?
19
Let g = 18 - 0. Let q be (2/2)/(-1) - 20. Let h = -15 - q. What is the greatest common divisor of h and g?
6
Let p(a) = -a**2 - 5*a + 16. Let k be p(-7). What is the highest common divisor of k and 3?
1
Let d(h) = h**3 + 16*h**2 + 5*h - 10. Let b be d(-15). Calculate the greatest common factor of 20 and b.
20
Let a be 1/(1/13*1). Let x = 23 - a. What is the highest common divisor of 30 and x?
10
Suppose j + k = 5*j - 52, -3*j - k + 32 = 0. Calculate the greatest common divisor of j and 3.
3
Suppose -2*u + 81 = 5*k, 2*k = -3*u + k + 141. Let v = -172 - -184. What is the greatest common divisor of u and v?
12
Let b be 8/(-24) + (-2)/3. Let t be b/4 - 162/(-8). What is the highest common factor of t and 5?
5
Let t(u) = -2*u + 3. Let p be t(-5). Calculate the highest common factor of p and 13.
13
Let x = 1 - -88. Suppose 3*b - 31 = x. Calculate the greatest common factor of b and 10.
10
Suppose -4*y - 8 = 0, 5*j - j + 2*y - 24 = 0. Calculate the highest common factor of 77 and j.
7
Let q(f) = -f**2 - 10*f - 7. Let m be q(-9). Suppose -v - v - 3*h + 112 = 0, -142 = -3*v + m*h. What is the highest common factor of 10 and v?
10
Let o = 15 - 21. Let b be 3 + 3 - 3 - o. What is the greatest common factor of b and 90?
9
Let y = -1069 + 1073. Let b(k) = -3*k**3 - 3*k**2 - k + 2. Let o be b(-2). Calculate the greatest common factor of y and o.
4
Let u(r) = 3*r + 60. Let m be u(0). What is the highest common factor of 24 and m?
12
Suppose -2*l - 68 = -5*f + l, 0 = 3*l + 3. Calculate the greatest common divisor of f and 143.
13
Let x be -3 - ((-123)/(-6))/(4/(-8)). What is the highest common factor of 19 and x?
19
Suppose -66 = -3*z - 12. Let m be (-2)/((-10)/75) + -3. Calculate the greatest common divisor of z and m.
6
Let i be 101 - -3*2/(-3). Suppose 3*f = -0*f + i. Let r(k) = -k**3 - 3*k**2 + 2*k - 5. Let g be r(-4). Calculate the highest common factor of f and g.
3
Suppose -3*s + 8*s = 20. Suppose -4*p - s = 12. Let u be 1/p + 261/4. What is the greatest common factor of u and 26?
13
Let g be (-1)/4 - (0 - (-6825)/(-20)). Calculate the highest common divisor of g and 31.
31
Suppose 0 = k - 2*k + 10. Suppose 0 = -g + k + 2. What is the greatest common factor of g and 12?
12
Suppose -101 = -4*c + 3*u, -2*c + 4*c = -5*u + 31. What is the highest common factor of 23 and c?
23
Suppose f - 30 = 4*r, -4*f + 3*r + 0*r + 120 = 0. What is the highest common divisor of f and 50?
10
Suppose -2*i = -l - 12, 3*i - 3*l + 7*l = 18. Calculate the highest common factor of 66 and i.
6
Let q = 40 + -8. Calculate the highest common divisor of 24 and q.
8
Suppose 0 = -6*x + 11*x - 150. What is the greatest common divisor of 12 and x?
6
Let m(i) = i**2 + 3*i - 7. Let n be m(-5). Let b be (-4)/n*-15 - 1. Let f = -5 + b. Calculate the greatest common factor of f and 14.
14
Let t = -84 + 214. Let f = 258 - t. What is the greatest common divisor of f and 16?
16
Let w(z) be the first derivative of -z**4/2 - z**3/3 + 4. Let d be w(-2). What is the highest common divisor of 24 and d?
12
Suppose 3 = -5*y - 22, -2*y = -4*c + 14. Calculate the greatest common factor of c and 11.
1
Let j(p) = -2*p - 1 + p**2 - 6*p + 3*p. Let n be j(4). Let m(x) = x**2 - 6*x - 3. Let b be m(n). What is the greatest common factor of b and 13?
13
Let r be (-26)/(-5)*(-10)/(-4). Let k(l) = 2*l**3 - 3*l**2 + 6*l. Let j = -9 + 13. Let u be k(j). What is the highest common divisor of u and r?
13
Let q be (-2)/9 - 58/(-18). Let n(m) = m**q + 8*m - 1 + 12*m**2 - 3*m**2 - 5. Let l be n(-7). Calculate the highest common factor of 18 and l.
18
Let w(j) = j**3 - 10*j**2 - 10*j - 4. Let i = 10 + 1. Let f be w(i). Let p = -14 - -49. Calculate the greatest common divisor of p and f.
7
Let g be 11736/120 + (-2)/(-10). Calculate the greatest common factor of 28 and g.
14
Let h(t) = -t**3 - 9*t**2 + t + 1. Let s be h(-10). Calculate the greatest common divisor of 13 and s.
13
Let z(c) = -c**2 + 18*c - 27. Let n be z(9). Calculate the greatest common factor of 81 and n.
27
Let f(z) = z**3 + 8*z**2 - 2*z + 12. Let l be f(-7). What is the highest common factor of l and 15?
15
Let f(b) = 1 + b**2 - 4 + 7. Let w be f(0). Let z be w/10 - 69/(-15). What is the greatest common factor of z and 5?
5
Let o(b) = -b**3 - 3*b**2 + 9*b + 9. Let l be o(-5). Suppose -2*p = 62 - 174. Calculate the highest common divisor of p and l.
14
Let t(m) = 2*m**3 - 7*m**2 + m + 5. Let o be t(5). Let z = 42 - 25. What is the highest common factor of z and o?
17
Suppose 0 = -u + 40 - 1. Suppose 3*r + 3 = 2*v - u, -5*r + 58 = 2*v. What is the highest common divisor of v and 48?
24
Suppose 11*o - 19*o + 3096 = 0. What is the highest common divisor of 43 and o?
43
Let o be (-4)/18 + (-191)/(-9). Suppose 0*z + 3*z = o. What is the highest common divisor of z and 21?
7
Suppose -y - 4*y = 4*b - 50, -2*y + b + 7 = 0. Let n(s) = 16*s - 1. Let h be n(1). Let i be 5/(-25) + 633/h. Calculate the highest common divisor of i and y.
6
Suppose -p + 0 = -7. Let y(o) = -o**3 + 8*o**2 - 6*o + 8. Let j be y(p). Calculate the greatest common factor of j and 10.
5
Let t = 75 + -46. Let f = 69 - t. Let n(a) = a**2 - 2*a - 5. Let g be n(5). What is the greatest common divisor of g and f?
10
Suppose -3*t - 3 = -4*k + 2, 4*k - t = 15. Suppose -1 = n, u + 2*u = -4*n + 131. Calculate the highest common divisor of u and k.
5
Suppose -17 + 0 = -a. What is the highest common factor of 136 and a?
17
Let f be (-8 - (-9)/3)*-1. Suppose -2*m = f*v + 15, -3*m + 7*m = -5*v - 5. Calculate the greatest common factor of m and 1.
1
Let m be (11 + -19)*(-70)/4. Calculate the highest common factor of m and 20.
20
Suppose 0 = 17*i - 5*i - 1080. Suppose -5*d = u - 5, u = 2*d + 3 + 9. What is the highest common factor of u and i?
10
Let o be (-50)/(-15)*36/(-10). Let x = o - -2